What is the value of (-2 - -7) + -10 + -1?
-6
Evaluate 6 - 0 - (-8 + 17 - 8 - -16).
-11
Evaluate -13 - (-3 + 11 + -16) - 6.
-11
Calculate 6 - (-11 - (-16 + (11 - 2))) - -4.
14
What is (1 - (-4 + (-7 - -4))) + -16?
-8
What is -32 - (-14 + -52) - 28?
6
Calculate -4 - ((9 - (9 + 5 + -5)) + 8).
-12
Evaluate (3 - -5) + 3 + -7 + 5.
9
-5 + 15 + -34 + (5 - 0)
-19
What is the value of 1 + -18 + -86 + 102 + (8 - 2)?
5
0 - -13 - (8 - (-2 - 8))
-5
Calculate 2 - (-5 - (5 - (15 - 1))) - 7.
-9
Evaluate 16 - (34 - 1 - 5).
-12
Evaluate 3 + -2 + 1 + (11 - (0 + 9)).
4
What is the value of -237 + 244 + (0 - 16)?
-9
What is 16 - 20 - 14 - -25?
7
Calculate (21 + -8 + -5 - (-2 - -10)) + -3.
-3
What is the value of -1 - (-5 + 3) - (11 - (-3 - -11))?
-2
What is the value of -6 - (-1 + 0) - (3104 - 3138)?
29
Evaluate -35 - -35 - (-12 + 4).
8
(5 - (5 + (-8 - -7))) + -2 - -21
20
41 + (-81 - (-52 - -22))
-10
Calculate -5 - (11 + -5 + -4 + -9).
2
What is -135 - -100 - (-12 + -10)?
-13
What is (-932 - -944) + (-1 - 0)?
11
What is 33 + -3 + (1 - (-11 + 9)) + -6?
27
11 - (2 + (-2 - -2)) - (-5460 - -5490)
-21
Evaluate 0 + -1 - (28 - 37) - (-5 + 1).
12
What is (-708 - -730) + (-2 - (-5 + (-1 - 1)))?
27
What is -534 + 525 + 8 + -1?
-2
What is the value of 17 - (20 + 1 + 13)?
-17
Evaluate (-2 + -1 + 23 + -24 - 5) + 1.
-8
What is the value of -6 + (-6 - -5) + -4 + 3?
-8
-7 + 2 + -8 + 17
4
What is the value of 1 + -31 - (-1286 - -1223)?
33
What is 1 - (9 - ((-2 - -15) + (-1 - 6)))?
-2
What is the value of 1 - (1 + (17 - 8))?
-9
Evaluate 19 - ((1 - 19) + 28) - -4.
13
What is the value of 21 + -36 + 0 + -1?
-16
23 + -6 + (-2 - -8) + 35 + -45
13
Calculate (0 - -12) + 45 + -54 + -3.
0
-4 - (7 + -2) - (-28 + 33)
-14
What is the value of -29 + 7 + -3 - (78 + -88)?
-15
What is the value of (-7 - -3) + (-53 - -66)?
9
What is the value of 25 - (1 + -4 - -11)?
17
Evaluate 23 + (-34 - (24 - 16)).
-19
12 + 8 + -16 + 21 + -11 + 13
27
-5 + 1 + 6 + -1 + -8 + 7
0
What is the value of 19 + -4 + (8 - 10 - -2) + -2?
13
What is the value of (37 - (-25 - -31)) + -20?
11
What is the value of 8 + -4 + (8 - (-8 + 20)) + 0?
0
-12 + 15 + -9 + 3
-3
Evaluate -21 - 4 - ((-12 - 10) + (11 - -1)).
-15
1 + -6 + 11 + 6 + -1
11
What is the value of -14 - -9 - (0 + (1 - (1 + 3)))?
-2
What is the value of -7 - (-7 - (-3 - (1 + 0)))?
-4
-2 + 3 - (0 + -10 - (43 + -56))
-2
What is the value of 1 + (4 - (-13 + 0 + 6 + 5))?
7
What is the value of 20 - (29 - 6) - (2 + 30) - -4?
-31
What is the value of -12 - (-10 - 48) - 13 - (-1 + 12)?
22
What is the value of (-75 - -45) + 28 + 15 + -1?
12
7 + -23 + 7 - -35
26
Calculate (53 - (13 + 17)) + -40.
-17
What is the value of 4 + -20 - 2 - -17?
-1
What is the value of -40 + -19 + 27 + (0 - -1)?
-31
What is the value of -20 - (11 + -23 + -3 + 5)?
-10
16 - (-2 - 7 - (-7 + -13 + 20))
25
Evaluate -1 + -10 + -1 - (-31 + 52 + -13).
-20
What is (-22 - 0) + (166 - 157)?
-13
What is the value of 4 + -11 + -5 + (23 - (-12 + 9))?
14
-3 + 1 + -2 + (20 - -3) + -10
9
What is (172 - 161) + 1 + (2 - 3)?
11
-12 - (-2 - 10) - (0 - 8)
8
What is (43 - 23) + 17 - 4?
33
What is the value of -4 - (-1 - (-9 - (-12 + 5 - -4)))?
-9
What is 19 - (-6 + 14 + (-22 - -7))?
26
What is -11 + (11 - 17 - 1) + 5?
-13
-432 - -425 - (1 - 15)
7
What is the value of 35 - (2 + 3 + 13 + -7)?
24
Evaluate 7 - 0 - (-8 + 3 - -13 - -3).
-4
What is 0 + (2 - 2) + (0 - -8)?
8
What is the value of 3 - (-4 + -1) - (32 - 15)?
-9
What is the value of -136 + 135 + (-6 - (-6 - 3))?
2
Evaluate (-143 + 143 - (-28 + -1)) + 0 + -4.
25
What is the value of (2 - 41) + 6 - -23?
-10
0 + 2 + -28 - (9 + 28 + -34)
-29
What is the value of (13 - (-2 - (-24 + 4))) + (-15 - 5)?
-25
Evaluate -627 - -639 - (-1 + 2 + -13).
24
What is the value of -2 + 1 + -3 + -6 - -8?
-2
What is -1 - -5 - (33 + -41)?
12
What is -19 + 21 + (24 - 39)?
-13
What is the value of 2 + -1 - (13 - -1)?
-13
What is 6 + -31 - -18 - -20?
13
Evaluate 1 - (-4 - 2) - -4 - (123 - 122).
10
What is the value of -463 + 452 - (-33 + 2)?
20
Calculate -58 - -56 - ((-3 - -6) + (4 - 1)).
-8
What is -10 - (-27 + (12 - -1)) - -13?
17
Evaluate -36 + (18 - 21) + 75.
36
What is the value of -7 - -37 - (28 - -19)?
-17
What is the value of (8 + -6 - 0) + 2 + 3 + -17?
-10
What is 174 + -172 + (1 - -23)?
26
Evaluate (6 - (-4 + 7)) + -29 + 26.
0
What is the value of 16 + 12 + -29 + (1 - 7)?
-7
Calculate -23 - (21 - 46) - (-3 - -1).
4
What is the value of 20 - (31 - 1) - (1 - 6) - 7?
-12
11 - 5 - (5 + -3) - 23
-19
What is the value of (-1 - 12) + 49 + -42?
-6
What is the value of (-4 - 0 - (5 - -1)) + -16 + 19?
-7
Evaluate 6 - (-23 + 13) - -1 - 6.
11
(-8 - -9 - (0 + 9)) + (-1 - -6)
-3
Evaluate 11 + -1 - (-373 - -399).
-16
What is -5 - (8 - -3) - (-4 - (-5 - -2))?
-15
What is the value of -1 - 8 - (5 - 21 - 2) - 3?
6
Calculate (-1 - -15) + (24 - 33).
5
Evaluate 23 + -16 + 29 + -34 - (22 - 1).
-19
-3 - (-2 - (-8 - (-8 - -6)))
-7
What is the value of -12 + (2 - (13 - 25)) + 1?
3
What is 5 - -13 - 25 - -5 - (-17 + -1)?
16
What is the value of 7 + -5 + 13 + (3 - 14)?
4
What is the value of 10 - 21 - 12 - -8?
-15
What is 2 + 15 + 13 + (-18 - 6)?
6
What is the value of (-5 - (4 + -3)) + (4 - 4) + 13?
7
What is (-12 - -19) + -19 + 23?
11
What is 5 + 3 + -4 + 3 - (-13 + 25)?
-5
Calculate (250 - 235) + 1 + -13.
3
Calculate 5 - ((-38 - -9) + 7 - 5).
32
Evaluate 31 + -32 - -15 - 4.
10
Calculate -8 - (-12 + 10 + -13).
7
What is (-5 - (1 - 12)) + -2 - (-8 - -13)?
-1
-14 + -1 + 4 + -26 + 33
-4
Evaluate (9 + 1 - (-1 + 2)) + 8.
17
Evaluate 2 - -5 - (-24 - -15 - -13).
3
Evaluate 0 + -4 + 5 + -9 + -1 + 1.
-8
Calculate -7 + 12 + 13 + -4 + (12 - 3).
23
What is the value of -19 + (44 - (7 + -2))?
20
What is the value of -5 + 6 + -21 - (-3 + -1 + -3)?
-13
What is (0 - (7 - 4 - 0)) + -4?
-7
What is -16 + (0 - 4) + 10?
-10
What is the value of 5 + 3 + -8 - -2 - 9?
-7
What is the value of (-1095 - -1092) + -15 + 1 + -2 + -1?
-20
Calculate (-1 - 6 - -3) + 1 + (11 - 15).
-7
Calculate 10 + -55 + 21 - -39.
15
Evaluate -12 - -37 - (-17 - -80).
-38
Evaluate -5 + 2 + 11 - 13.
-5
What is 10 - (5 + -6 + -5 + (-4 - -4))?
16
What is the value of (4 + -6 - 3) + 9?
4
Calculate 0 - -6 - (11 + -5) - (-1 + 3).
-2
Evaluate 24 - 13 - (-1 - (5 - 3)).
14
Evaluate -11 + 13 + 13 - (15 + -10).
10
(0 - (-3 + 10)) + (18 - (2 - 13))
22
Calculate 1 + 5 + -3 + 0.
3
-36 + -3 - (46 - 61 - (-9 + -1))
-34
Evaluate -3 + -15 + 40 + -15 + 14.
21
Evaluate -17 - (4 + -1 + (-4 - 2)).
-14
What is -17 + (10 - 6) + 23 + -8?
2
Calculate 7 - ((-9 + -10 - -11) + 0).
15
Evaluate -5 + -16 + 16 + -4.
-9
What is the value of 21 + 29 + 4 + -34?
20
What is the value of -294 + 283 - (-20 - -1)?
8
Evaluate (5 - -3) + (21 - 16) - -4.
17
Evaluate (-5 - 6) + -2 + 10 + 15.
12
What is (-20 - 12) + (21 - -10)?
-1
What is the value of (21 - (10 + 1)) + 21 + -13?
18
Calculate (-599 - -599) + (0 + -1 - 8) + 0.
-9
(-1 - 5) + -9 + -8 + -1 + 13
-11
What is 2 + -32 + 0 - (41 - (22 + 17))?
-32
Evaluate 64 - 56 - (0 - -1).
7
-10 + 1 + 47 + (13 - 41)
10
-1 + (-1 - -1) + 23 + -29
-7
What is the value of -29 - (-9 - -4) - -24?
0
Calculate -9 + (6 - 13) + (-16 - -12).
-20
What is (1 - 27) + 29 - (-6 + 6)?
3
8 - (0 - 2 - (-20 - (-12 + 6)))
-4
Calculate -8 + 18 - ((4 - -1) + (12 - 41)).
34
What is the value of 14 - (-2 - (-9 - -4 - 6))?
5
What is 83 - 75 - (1 + -15 - -4)?
18
Calculate 26 - ((-32 - (31 - 68)) + (4 - 0)).
17
Calculate -124 + 194 + (-34 - 3).
33
What is the value of 12 + 1 + 34 + (-4 - 37)?
6
What is 4 + (-3 - (-9 - (-2 + -4))) - -9?
13
Evaluate (89 + -49 - 25) + -16.
-1
What is -7 + (-4 - (5 - (4 + (10 - 15))))?
-17
-6 - (-16 + -4) - (9 - 9)
14
What is -17 + (29 - 16 - 12) - -2?
-14
What is the value of -4 - ((-2 - -5) + (-24 - -3 - 0))?
14
What is -20 - (11 - (20 - -25))?
14
What is 1 - (44 + -21 - 2)?
-20
Evaluate 29 + 30 + -17 + -34.
8
Evaluate -11 - (2 + -7 + 4) - (-55 + 51).
-6
What is the value of (-1 - 0) + (31 - 25 - (1 - -6))?
-2
Evaluate 9 - (-7 - (-5 + 6 + 0 + -4)).
13
-5 + 3 + -6 + (10 - -7)
9
What is 0 + 1 + -141 + 146?
6
What is 17 + (-7 - (4 + -13 - (-1 - 3)))?
15
What is the value of (-744 - -758) + (4 - 0 - -1)?
19
-1 + (6 + 2 - 2) + -12 + 3
-4
What is 0 + -12 + 8 + -9?
-13
-5 + -4 + (54 - 29)
16
What is -8 - (0 - -6 - 11) - 3 - -6?
0
What is -13 + -3 + 11 + (-1 